{"id":175,"date":"2026-03-07T16:20:13","date_gmt":"2026-03-07T13:20:13","guid":{"rendered":"https:\/\/benga.pro\/?page_id=175"},"modified":"2026-03-07T16:20:14","modified_gmt":"2026-03-07T13:20:14","slug":"mekanik-tesisat-projesi","status":"publish","type":"page","link":"https:\/\/benga.pro\/index.php\/mekanik-tesisat-projesi\/","title":{"rendered":"Mekanik Tesisat Projesi"},"content":{"rendered":"\n<p>Y\u00fcr\u00fcrl\u00fckte bulunan standartlara uygunlu\u011fa \u00f6d\u00fcn vermeden,<\/p>\n\n\n\n<ul class=\"wp-block-list\">\n<li>End\u00fcstriyel Sanayi Kurulu\u015flar\u0131<\/li>\n\n\n\n<li>Oteller<\/li>\n\n\n\n<li>Al\u0131\u015fveri\u015f Merkezleri<\/li>\n\n\n\n<li>\u0130la\u00e7 ve Sa\u011fl\u0131k Tesisleri<\/li>\n\n\n\n<li>Konutlar<\/li>\n\n\n\n<li>\u0130\u015f Merkezleri<\/li>\n\n\n\n<li>E\u011fitim Tesisleri<\/li>\n\n\n\n<li>Yurt<\/li>\n<\/ul>\n\n\n\n<p>binalar\u0131na ait&nbsp;<strong>t\u00fcm mekanik tesisat projelerini<\/strong>&nbsp;\u00e7izmekteyiz.<\/p>\n","protected":false},"excerpt":{"rendered":"<p>Y\u00fcr\u00fcrl\u00fckte bulunan standartlara uygunlu\u011fa \u00f6d\u00fcn vermeden, binalar\u0131na ait&nbsp;t\u00fcm mekanik tesisat projelerini&nbsp;\u00e7izmekteyiz.<\/p>\n","protected":false},"author":1,"featured_media":0,"parent":0,"menu_order":0,"comment_status":"closed","ping_status":"closed","template":"","meta":{"neve_meta_sidebar":"","neve_meta_container":"","neve_meta_enable_content_width":"","neve_meta_content_width":0,"neve_meta_title_alignment":"","neve_meta_author_avatar":"","neve_post_elements_order":"","neve_meta_disable_header":"","neve_meta_disable_footer":"","neve_meta_disable_title":"","_themeisle_gutenberg_block_has_review":false,"footnotes":""},"class_list":["post-175","page","type-page","status-publish","hentry"],"_links":{"self":[{"href":"https:\/\/benga.pro\/index.php\/wp-json\/wp\/v2\/pages\/175","targetHints":{"allow":["GET"]}}],"collection":[{"href":"https:\/\/benga.pro\/index.php\/wp-json\/wp\/v2\/pages"}],"about":[{"href":"https:\/\/benga.pro\/index.php\/wp-json\/wp\/v2\/types\/page"}],"author":[{"embeddable":true,"href":"https:\/\/benga.pro\/index.php\/wp-json\/wp\/v2\/users\/1"}],"replies":[{"embeddable":true,"href":"https:\/\/benga.pro\/index.php\/wp-json\/wp\/v2\/comments?post=175"}],"version-history":[{"count":1,"href":"https:\/\/benga.pro\/index.php\/wp-json\/wp\/v2\/pages\/175\/revisions"}],"predecessor-version":[{"id":176,"href":"https:\/\/benga.pro\/index.php\/wp-json\/wp\/v2\/pages\/175\/revisions\/176"}],"wp:attachment":[{"href":"https:\/\/benga.pro\/index.php\/wp-json\/wp\/v2\/media?parent=175"}],"curies":[{"name":"wp","href":"https:\/\/api.w.org\/{rel}","templated":true}]}}